 15.
-3
What is 25 (base 10) in base 4?
121
Convert 1000001 (base 2) to base 10.
65
What is 36 (base 13) in base 11?
41
What is 1d (base 15) in base 3?
1001
Convert 13 (base 15) to base 11.
17
3 (base 6) to base 2
11
15 (base 9) to base 4
32
What is 65 (base 8) in base 3?
1222
Convert 5 (base 8) to base 6.
5
2 (base 13) to base 8
2
2 (base 11) to base 2
10
What is -49 (base 12) in base 4?
-321
Convert 2 (base 15) to base 11.
2
Convert -3 (base 11) to base 13.
-3
Convert -14 (base 10) to base 5.
-24
What is 2012 (base 3) in base 10?
59
-110 (base 4) to base 3
-202
What is -2 (base 14) in base 3?
-2
4 (base 9) to base 4
10
What is 51 (base 15) in base 10?
76
Convert -12 (base 15) to base 2.
-10001
What is -b0 (base 13) in base 14?
-a3
What is 5 (base 15) in base 7?
5
-5 (base 11) to base 7
-5
-133 (base 6) to base 12
-49
What is 81 (base 9) in base 5?
243
-10001 (base 2) to base 9
-18
What is 36 (base 9) in base 16?
21
-2330 (base 4) to base 14
-d6
Convert 286 (base 10) to base 15.
141
Convert 72 (base 14) to base 10.
100
-a (base 12) to base 4
-22
Convert 77 (base 11) to base 2.
1010100
105 (base 6) to base 4
221
-10100 (base 2) to base 7
-26
Convert 2 (base 11) to base 15.
2
-1 (base 12) to base 7
-1
1 (base 9) to base 2
1
What is -62 (base 13) in base 6?
-212
What is -1 (base 7) in base 16?
-1
What is 1332 (base 4) in base 13?
99
Convert 164 (base 8) to base 10.
116
-310 (base 6) to base 7
-222
What is -2 (base 10) in base 13?
-2
Convert -1 (base 14) to base 9.
-1
What is 12110 (base 3) in base 12?
103
-1011 (base 2) to base 14
-b
Convert 24a (base 11) to base 6.
1212
Convert -220 (base 5) to base 7.
-114
Convert -57 (base 11) to base 7.
-116
What is 33 (base 4) in base 13?
12
Convert 3 (base 16) to base 10.
3
20 (base 7) to base 13
11
Convert 1 (base 7) to base 10.
1
What is -1110100 (base 2) in base 11?
-a6
-97 (base 16) to base 7
-304
What is 4 (base 16) in base 5?
4
1 (base 2) to base 6
1
Convert -1000 (base 2) to base 13.
-8
What is 56 (base 10) in base 13?
44
-3 (base 4) to base 11
-3
Convert 10 (base 9) to base 2.
1001
Convert -11 (base 8) to base 13.
-9
Convert 35 (base 6) to base 14.
19
What is 2 (base 14) in base 15?
2
What is 16 (base 13) in base 16?
13
What is -1 (base 2) in base 5?
-1
What is -4b (base 14) in base 8?
-103
Convert -10 (base 10) to base 11.
-a
Convert -1010 (base 2) to base 16.
-a
Convert a1 (base 14) to base 7.
261
What is 1 (base 6) in base 10?
1
-2 (base 9) to base 10
-2
Convert -3 (base 6) to base 13.
-3
1b (base 13) to base 12
20
-5 (base 14) to base 12
-5
What is -2 (base 5) in base 8?
-2
Convert -11 (base 2) to base 8.
-3
-1 (base 10) to base 4
-1
What is 4 (base 6) in base 10?
4
Convert -4 (base 16) to base 4.
-10
Convert 8c (base 16) to base 3.
12012
155 (base 14) to base 9
331
-21 (base 14) to base 9
-32
What is e (base 15) in base 6?
22
What is -45 (base 16) in base 13?
-54
11200 (base 3) to base 4
1332
110000 (base 2) to base 12
40
What is 8 (base 16) in base 4?
20
Convert -230 (base 9) to base 15.
-c9
Convert 123 (base 5) to base 8.
46
4 (base 9) to base 4
10
What is 10111 (base 2) in base 13?
1a
53 (base 8) to base 3
1121
Convert -13e (base 16) to base 15.
-163
What is -5 (base 6) in base 13?
-5
What is 1000 (base 2) in base 3?
22
What is 36 (base 13) in base 10?
45
What is -7 (base 13) in base 8?
-7
43 (base 7) to base 15
21
What is -131 (base 4) in base 16?
-1d
What is -1123 (base 5) in base 2?
-10100011
What is 0 (base 5) in base 14?
0
Convert -12021 (base 3) to base 5.
-1032
Convert 0 (base 11) to base 15.
0
Convert -111 (base 4) to base 5.
-41
Convert 20 (base 13) to base 2.
11010
Convert -24 (base 12) to base 6.
-44
Convert 41 (base 9) to base 3.
1101
1303 (base 4) to base 5
430
Convert -e8 (base 16) to base 8.
-350
Convert 30 (base 4) to base 8.
14
Convert -12 (base 3) to base 14.
-5
-110 (base 2) to base 10
-6
Convert -2 (base 12) to base 3.
-2
Convert -22 (base 4) to base 6.
-14
-3 (base 5) to base 14
-3
1 (base 7) to base 4
1
-3 (base 6) to base 16
-3
Convert -103 (base 11) to base 8.
-174
What is -11 (base 5) in base 11?
-6
Convert 3 (base 16) to base 2.
11
Convert 3 (base 7) to base 11.
3
What is 12 (base 5) in base 6?
11
12 (base 13) to base 4
33
Convert -2 (base 14) to base 8.
-2
What is 22 (base 5) in base 12?
10
What is -11 (base 6) in base 8?
-7
What is 120 (base 10) in base 7?
231
Convert -2 (base 15) to base 8.
-2
0 (base 10) to base 16
0
-2 (base 11) to base 5
-2
What is -11 (base 15) in base 7?
-22
11 (base 2) to base 14
3
Convert 62 (base 13) to base 7.
143
What is -3 (base 7) in base 2?
-11
What is 131 (base 15) in base 10?
271
Convert -202 (base 3) to base 16.
-14
32 (base 4) to base 2
1110
22 (base 8) to base 15
13
What is -1d (base 16) in base 10?
-29
20 (base 14) to base 2
11100
Convert 1010 (base 2) to base 15.
a
11a (base 11) to base 3
12021
What is -322 (base 7) in base 15?
-ad
28 (base 15) to base 2
100110
Convert 3 (base 10) to base 4.
3
What is 13 (base 13) in base 5?
31
101 (base 5) to base 10
26
Convert 6 (base 10) to base 7.
6
10 (base 5) to base 16
5
42 (base 5) to base 8
26
What is -26 (base 15) in base 12?
-30
Convert 101 (base 5) to base 3.
222
1 (base 6) to base 10
1
Convert 3 (base 4) to base 2.
11
Convert 215 (base 8) to base 5.
1031
What is 43 (base 5) in base 10?
23
-98 (base 12) to base 5
-431
10 (base 2) to base 11
2
3 (base 6) to base 12
3
-1b8 (base 13) to base 16
-140
Convert 305 (base 8) to base 13.
122
Convert 301 (base 4) to base 16.
31
Convert -253 (base 6) to base 4.
-1221
What is 17 (base 13) in base 4?
110
Convert 2 (base 16) to base 11.
2
Convert 47 (base 13) to base 6.
135
-6 (base 8) to base 12
-6
8 (base 9) to base 4
20
Convert -3 (base 8) to base 9.
-3
Convert 15 (base 7) to base 11.
11
422 (base 10) to base 2
110100110
What is 3232 (base 4) in base 2?
11101110
What is 11122 (base 3) in base 2?
1111101
What is -a (base 15) in base 16?
-a
What is 10000000 (base 2) in base 6?
332
What is -3 (base 12) in base 13?
-3
2 (base 3) to base 16
2
Convert 14 (base 8) to base 14.
c
What is -41 (base 5) in base 13?
-18
What is -10001 (base 2) in base 16?
-11
10111 (base 2) to base 10
23
Convert 2001 (base 4) to base 15.
89
-8 (base 13) to base 9
-8
23 (base 5) to base 11
12
What is -9 (base 15) in base 8?
-11
What is 1223 (base 4) in base 5?
412
What is -213 (base 6) in base 8?
-121
Convert -133 (base 6) to base 7.
-111
Convert 110111 (base 2) to base 16.
37
What is -84 (base 11) in base 7?
-161
What is 3b (base 12) in base 11?
43
What is -59 (base 11) in base 16?
-40
Convert 1 (base 7) to base 16.
1
10 (base 13) to base 4
31
5 (base 15) to base 3
12
What is -11 (base 9) in base 8?
-12
Convert 110 (base 2) to base 11.
6
110 (base 3) to base 14
c
Convert 4 (base 12) to base 11.
4
What is -39 (base 10) in base 6?
-103
-3 (base 10) to base 16
-3
What is -1 (base 16) in base 4?
-1
What is -a (base 14) in base 11?
-a
Convert 5 (base 13) to base 9.
5
What is 3 (base 12) in base 16?
3
What is 15 (base 13) in base 8?
22
What is 224 (base 6) in base 4?
1120
What is -36 (base 12) in base 11?
-39
Convert c2 (base 14) to base 16.
aa
What is -11102 (base 4) in base 16?
-152
-26 (base 8) to base 2
-10110
Convert 111 (base 9) to base 16.
5b
1 (base 5) to base 13
1
-111 (base 5) to base 8
-37
Convert 29 (base 12) to base 11.
30
What is 6 (base 12) in base 11?
6
-3d (base 15) to base 5
-213
Convert -21 (base 3) to base 4.
-13
Convert -4 (base 5) to base 11.
-4
What is 2 (base 7) in base 13?
2
-130 (base 11) to base 9
-181
Convert 3 (base 13) to base 6.
3
-18 (base 12) to base 16
-14
Convert -312 (base 4) to base 11.
-4a
-7 (base 14) to base 7
-10
-29 (base 15) to base 5
-124
What is 1212 (base 4) in base 9?
123
What is -39 (base 13) in base 11?
-44
7 (base 8) to base 11
7
What is -1112 (base 3) in base 14?
-2d
-2 (base 5) to base 14
-2
Convert -1210 (base 5) to base 2.
-10110100
What is 56 (base 16) in base 12?
72
11 (base 16) to base 6
25
Convert 2 (base 3) to base 12.
2
Convert 56 (base 7) to base 14.
2d
84 (base 12) to base 15
6a
-4 (base 14) to base 7
-4
-1 (base 3) to base 6
-1
What is -101111 (base 2) in base 3?
-1202
6 (base 8) to base 14
6
What is 222 (base 4) in base 15?
2c
-70 (base 15) to base 5
-410
-32 (base 10) to base 2
-100000
Convert 4 (base 8) to 